{"id":909,"date":"2016-10-06T11:47:11","date_gmt":"2016-10-06T09:47:11","guid":{"rendered":"http:\/\/www.joseph-wresinski.org\/es\/?page_id=909"},"modified":"2019-10-10T18:11:28","modified_gmt":"2019-10-10T16:11:28","slug":"biografia","status":"publish","type":"page","link":"https:\/\/www.joseph-wresinski.org\/es\/biografia\/","title":{"rendered":"Biograf\u00eda"},"content":{"rendered":"<p>Naci\u00f3 el 12 de Febrero de 1917, en Angers, Francia. Su infancia estuvo marcada por la miseria y continuamente ligada a su pueblo, el Cuarto Mundo, que es la base del Movimiento fundado por \u00e9l.<\/p>\n<p>El 14 de Julio de 1956, el Padre Joseph Wresinski lleg\u00f3 por primera vez al barrio de Noisy \u2013 le Grand (cerca de Par\u00eds), donde 252 familias, abandonadas por la indiferencia y el desprecio del mundo que les rodeaba, viv\u00edan en la indigencia m\u00e1s completa. Con esas familias y algunos amigos cre\u00f3 en 1957 la primera Asociaci\u00f3n contra la exclusi\u00f3n de los m\u00e1s pobres, lo que origin\u00f3 el Movimiento ATD Cuarto Mundo.<\/p>\n<p>El padre Joseph Wresinski sab\u00eda por experiencia propia lo denigrante que era para una persona recibir limosnas, pero sobre todo, sab\u00eda que lo m\u00e1s humillante era que nadie permitiera que los m\u00e1s pobres opinaran, que no se reconocieran sus valores, sus experiencias y mucho menos se les dejara expresar sus esperanzas. Por ello, desde el inicio, ten\u00eda una intuici\u00f3n clara del camino que deb\u00eda recorrer: primero hacer reconocer, como un pueblo respetado, con derechos y responsabilidades, a todas aquellas personas o familias que aparec\u00edan ante la sociedad como personas sin identidad.<\/p>\n<p>En 1968, los pobres expresaron su voluntad de acceder al derecho de tener una familia, a los derechos a la dignidad, a un futuro para sus hijos. Redactaron los \u201d Libros de reclamaciones\u201d, los que dieron lugar a un manifiesto: \u201d Un pueblo habla \u201c. A este pueblo, el Padre Joseph Wresinski le dio el nombre de Cuarto Mundo, cuya primera acci\u00f3n fue compartir el conocimiento, por ejemplo a trav\u00e9s de las Bibliotecas de calle.<\/p>\n<p>\u201cLa expresi\u00f3n Cuarto Mundo fue creada por el Padre Joseph Wresinski para dar una identidad social positiva a las personas que viven en la extrema pobreza en todo el mundo\u201d, dice, en la p\u00e1gina 6, el informe final de la ONU sobre: \u201cLos Derechos Humanos y la Extrema Pobreza\u201d, presentado por el se\u00f1or Leandro Despouy.<\/p>\n<p>En 1976, el Padre Joseph Wresinski fue nombrado miembro del Consejo Econ\u00f3mico y Social de Francia, como personalidad cualificada.<\/p>\n<p>El 11 de febrero de 1987, El Consejo Econ\u00f3mico y Social franc\u00e9s apoy\u00f3 el informe \u201cGran pobreza y precariedad econ\u00f3mica y social\u201d presentado por el Padre Joseph Wresinski en el que propuso una estrategia global de lucha contra la miseria.<\/p>\n<p>El 17 de Octubre de 1987, en el Atrio de los Derechos Humanos y de las Libertades en Par\u00eds, ante 100 mil personas de todo el mundo, el padre Joseph Wresinski inaugur\u00f3 una <a href=\"http:\/\/mundosinmiseria.org\/article\/placa-del-trocadero\" target=\"_blank\" rel=\"noopener noreferrer\">placa conmemorativa<\/a> a las v\u00edctimas de la miseria y lanz\u00f3 un llamado a la Organizaci\u00f3n de las Naciones Unidas para que el 17 de Octubre se declarara \u201c<a href=\"http:\/\/mundosinmiseria.org\/\" target=\"_blank\" rel=\"noopener noreferrer\">D\u00eda Mundial para la Erradicaci\u00f3n de la Extrema Pobreza<\/a>\u201d, lo que fue aprobado el 22 de Diciembre de 1992.<\/p>\n<p>El 14 de Febrero de 1988, el coraz\u00f3n del padre Joseph dej\u00f3 de latir en Par\u00eds \u2013 Francia, dej\u00e1ndonos este mensaje: \u201d La miseria ya no existir\u00e1 ma\u00f1ana si nos ponemos de acuerdo para ayudar a estos j\u00f3venes a darse cuenta de la realidad de su pueblo, a transformar su violencia en combate inteligente, a amarse con amor, con esperanza y con el saber, para llevar a cabo la lucha contra la ignorancia, el hambre, la limosna y la exclusi\u00f3n \u201c.<\/p>\n","protected":false},"excerpt":{"rendered":"<p>Naci\u00f3 el 12 de Febrero de 1917, en Angers, Francia. Su infancia estuvo marcada por la miseria y continuamente ligada (&#8230;) <a class=\"more-link\" href=\"https:\/\/www.joseph-wresinski.org\/es\/biografia\/\">Leer m\u00e1s <span class=\"meta-nav\">&rarr;<\/span><\/a><\/p>\n","protected":false},"author":2,"featured_media":995,"parent":0,"menu_order":0,"comment_status":"closed","ping_status":"closed","template":"","meta":{"_acf_changed":false,"ep_exclude_from_search":false,"footnotes":""},"class_list":["post-909","page","type-page","status-publish","has-post-thumbnail","hentry"],"acf":[],"yoast_head":"<!-- This site is optimized with the Yoast SEO plugin v27.5 - https:\/\/yoast.com\/product\/yoast-seo-wordpress\/ -->\n<title>Biograf\u00eda - Joseph Wresinski ES<\/title>\n<meta name=\"robots\" content=\"index, follow, max-snippet:-1, max-image-preview:large, max-video-preview:-1\" \/>\n<link rel=\"canonical\" href=\"https:\/\/www.joseph-wresinski.org\/es\/biografia\/\" \/>\n<meta property=\"og:locale\" content=\"es_ES\" \/>\n<meta property=\"og:type\" content=\"article\" \/>\n<meta property=\"og:title\" content=\"Biograf\u00eda - Joseph Wresinski ES\" \/>\n<meta property=\"og:description\" content=\"Naci\u00f3 el 12 de Febrero de 1917, en Angers, Francia. Su infancia estuvo marcada por la miseria y continuamente ligada (...) Leer m\u00e1s &rarr;\" \/>\n<meta property=\"og:url\" content=\"https:\/\/www.joseph-wresinski.org\/es\/biografia\/\" \/>\n<meta property=\"og:site_name\" content=\"Joseph Wresinski ES\" \/>\n<meta property=\"article:modified_time\" content=\"2019-10-10T16:11:28+00:00\" \/>\n<meta property=\"og:image\" content=\"https:\/\/www.joseph-wresinski.org\/es\/wp-content\/uploads\/sites\/13\/2016\/10\/BUREAU_AU_TELEPHONE1.jpg\" \/>\n\t<meta property=\"og:image:width\" content=\"1286\" \/>\n\t<meta property=\"og:image:height\" content=\"848\" \/>\n\t<meta property=\"og:image:type\" content=\"image\/jpeg\" \/>\n<meta name=\"twitter:card\" content=\"summary_large_image\" \/>\n<meta name=\"twitter:label1\" content=\"Tiempo de lectura\" \/>\n\t<meta name=\"twitter:data1\" content=\"3 minutos\" \/>\n<script type=\"application\/ld+json\" class=\"yoast-schema-graph\">{\"@context\":\"https:\\\/\\\/schema.org\",\"@graph\":[{\"@type\":\"WebPage\",\"@id\":\"https:\\\/\\\/www.joseph-wresinski.org\\\/es\\\/biografia\\\/\",\"url\":\"https:\\\/\\\/www.joseph-wresinski.org\\\/es\\\/biografia\\\/\",\"name\":\"Biograf\u00eda - Joseph Wresinski ES\",\"isPartOf\":{\"@id\":\"https:\\\/\\\/www.joseph-wresinski.org\\\/es\\\/#website\"},\"primaryImageOfPage\":{\"@id\":\"https:\\\/\\\/www.joseph-wresinski.org\\\/es\\\/biografia\\\/#primaryimage\"},\"image\":{\"@id\":\"https:\\\/\\\/www.joseph-wresinski.org\\\/es\\\/biografia\\\/#primaryimage\"},\"thumbnailUrl\":\"https:\\\/\\\/www.joseph-wresinski.org\\\/es\\\/wp-content\\\/uploads\\\/sites\\\/13\\\/2016\\\/10\\\/BUREAU_AU_TELEPHONE1.jpg\",\"datePublished\":\"2016-10-06T09:47:11+00:00\",\"dateModified\":\"2019-10-10T16:11:28+00:00\",\"breadcrumb\":{\"@id\":\"https:\\\/\\\/www.joseph-wresinski.org\\\/es\\\/biografia\\\/#breadcrumb\"},\"inLanguage\":\"es\",\"potentialAction\":[{\"@type\":\"ReadAction\",\"target\":[\"https:\\\/\\\/www.joseph-wresinski.org\\\/es\\\/biografia\\\/\"]}]},{\"@type\":\"ImageObject\",\"inLanguage\":\"es\",\"@id\":\"https:\\\/\\\/www.joseph-wresinski.org\\\/es\\\/biografia\\\/#primaryimage\",\"url\":\"https:\\\/\\\/www.joseph-wresinski.org\\\/es\\\/wp-content\\\/uploads\\\/sites\\\/13\\\/2016\\\/10\\\/BUREAU_AU_TELEPHONE1.jpg\",\"contentUrl\":\"https:\\\/\\\/www.joseph-wresinski.org\\\/es\\\/wp-content\\\/uploads\\\/sites\\\/13\\\/2016\\\/10\\\/BUREAU_AU_TELEPHONE1.jpg\",\"width\":1286,\"height\":848},{\"@type\":\"BreadcrumbList\",\"@id\":\"https:\\\/\\\/www.joseph-wresinski.org\\\/es\\\/biografia\\\/#breadcrumb\",\"itemListElement\":[{\"@type\":\"ListItem\",\"position\":1,\"name\":\"Portada\",\"item\":\"https:\\\/\\\/www.joseph-wresinski.org\\\/es\\\/\"},{\"@type\":\"ListItem\",\"position\":2,\"name\":\"Biograf\u00eda\"}]},{\"@type\":\"WebSite\",\"@id\":\"https:\\\/\\\/www.joseph-wresinski.org\\\/es\\\/#website\",\"url\":\"https:\\\/\\\/www.joseph-wresinski.org\\\/es\\\/\",\"name\":\"Joseph Wresinski ES\",\"description\":\"Un sitio web propuesto por el Centro Joseph Wresinski\",\"potentialAction\":[{\"@type\":\"SearchAction\",\"target\":{\"@type\":\"EntryPoint\",\"urlTemplate\":\"https:\\\/\\\/www.joseph-wresinski.org\\\/es\\\/?s={search_term_string}\"},\"query-input\":{\"@type\":\"PropertyValueSpecification\",\"valueRequired\":true,\"valueName\":\"search_term_string\"}}],\"inLanguage\":\"es\"}]}<\/script>\n<!-- \/ Yoast SEO plugin. -->","yoast_head_json":{"title":"Biograf\u00eda - Joseph Wresinski ES","robots":{"index":"index","follow":"follow","max-snippet":"max-snippet:-1","max-image-preview":"max-image-preview:large","max-video-preview":"max-video-preview:-1"},"canonical":"https:\/\/www.joseph-wresinski.org\/es\/biografia\/","og_locale":"es_ES","og_type":"article","og_title":"Biograf\u00eda - Joseph Wresinski ES","og_description":"Naci\u00f3 el 12 de Febrero de 1917, en Angers, Francia. Su infancia estuvo marcada por la miseria y continuamente ligada (...) Leer m\u00e1s &rarr;","og_url":"https:\/\/www.joseph-wresinski.org\/es\/biografia\/","og_site_name":"Joseph Wresinski ES","article_modified_time":"2019-10-10T16:11:28+00:00","og_image":[{"width":1286,"height":848,"url":"https:\/\/www.joseph-wresinski.org\/es\/wp-content\/uploads\/sites\/13\/2016\/10\/BUREAU_AU_TELEPHONE1.jpg","type":"image\/jpeg"}],"twitter_card":"summary_large_image","twitter_misc":{"Tiempo de lectura":"3 minutos"},"schema":{"@context":"https:\/\/schema.org","@graph":[{"@type":"WebPage","@id":"https:\/\/www.joseph-wresinski.org\/es\/biografia\/","url":"https:\/\/www.joseph-wresinski.org\/es\/biografia\/","name":"Biograf\u00eda - Joseph Wresinski ES","isPartOf":{"@id":"https:\/\/www.joseph-wresinski.org\/es\/#website"},"primaryImageOfPage":{"@id":"https:\/\/www.joseph-wresinski.org\/es\/biografia\/#primaryimage"},"image":{"@id":"https:\/\/www.joseph-wresinski.org\/es\/biografia\/#primaryimage"},"thumbnailUrl":"https:\/\/www.joseph-wresinski.org\/es\/wp-content\/uploads\/sites\/13\/2016\/10\/BUREAU_AU_TELEPHONE1.jpg","datePublished":"2016-10-06T09:47:11+00:00","dateModified":"2019-10-10T16:11:28+00:00","breadcrumb":{"@id":"https:\/\/www.joseph-wresinski.org\/es\/biografia\/#breadcrumb"},"inLanguage":"es","potentialAction":[{"@type":"ReadAction","target":["https:\/\/www.joseph-wresinski.org\/es\/biografia\/"]}]},{"@type":"ImageObject","inLanguage":"es","@id":"https:\/\/www.joseph-wresinski.org\/es\/biografia\/#primaryimage","url":"https:\/\/www.joseph-wresinski.org\/es\/wp-content\/uploads\/sites\/13\/2016\/10\/BUREAU_AU_TELEPHONE1.jpg","contentUrl":"https:\/\/www.joseph-wresinski.org\/es\/wp-content\/uploads\/sites\/13\/2016\/10\/BUREAU_AU_TELEPHONE1.jpg","width":1286,"height":848},{"@type":"BreadcrumbList","@id":"https:\/\/www.joseph-wresinski.org\/es\/biografia\/#breadcrumb","itemListElement":[{"@type":"ListItem","position":1,"name":"Portada","item":"https:\/\/www.joseph-wresinski.org\/es\/"},{"@type":"ListItem","position":2,"name":"Biograf\u00eda"}]},{"@type":"WebSite","@id":"https:\/\/www.joseph-wresinski.org\/es\/#website","url":"https:\/\/www.joseph-wresinski.org\/es\/","name":"Joseph Wresinski ES","description":"Un sitio web propuesto por el Centro Joseph Wresinski","potentialAction":[{"@type":"SearchAction","target":{"@type":"EntryPoint","urlTemplate":"https:\/\/www.joseph-wresinski.org\/es\/?s={search_term_string}"},"query-input":{"@type":"PropertyValueSpecification","valueRequired":true,"valueName":"search_term_string"}}],"inLanguage":"es"}]}},"_links":{"self":[{"href":"https:\/\/www.joseph-wresinski.org\/es\/wp-json\/wp\/v2\/pages\/909","targetHints":{"allow":["GET"]}}],"collection":[{"href":"https:\/\/www.joseph-wresinski.org\/es\/wp-json\/wp\/v2\/pages"}],"about":[{"href":"https:\/\/www.joseph-wresinski.org\/es\/wp-json\/wp\/v2\/types\/page"}],"author":[{"embeddable":true,"href":"https:\/\/www.joseph-wresinski.org\/es\/wp-json\/wp\/v2\/users\/2"}],"replies":[{"embeddable":true,"href":"https:\/\/www.joseph-wresinski.org\/es\/wp-json\/wp\/v2\/comments?post=909"}],"version-history":[{"count":4,"href":"https:\/\/www.joseph-wresinski.org\/es\/wp-json\/wp\/v2\/pages\/909\/revisions"}],"predecessor-version":[{"id":1475,"href":"https:\/\/www.joseph-wresinski.org\/es\/wp-json\/wp\/v2\/pages\/909\/revisions\/1475"}],"wp:featuredmedia":[{"embeddable":true,"href":"https:\/\/www.joseph-wresinski.org\/es\/wp-json\/wp\/v2\/media\/995"}],"wp:attachment":[{"href":"https:\/\/www.joseph-wresinski.org\/es\/wp-json\/wp\/v2\/media?parent=909"}],"curies":[{"name":"wp","href":"https:\/\/api.w.org\/{rel}","templated":true}]}}

Biografía

<p>Nació el 12 de Febrero de 1917, en Angers, Francia. Su infancia estuvo marcada por la miseria y continuamente ligada a su pueblo, el Cuarto Mundo, que es la base del Movimiento fundado por él.</p>
<p>El 14 de Julio de 1956, el Padre Joseph Wresinski llegó por primera vez al barrio de Noisy – le Grand (cerca de París), donde 252 familias, abandonadas por la indiferencia y el desprecio del mundo que les rodeaba, vivían en la indigencia más completa. Con esas familias y algunos amigos creó en 1957 la primera Asociación contra la exclusión de los más pobres, lo que originó el Movimiento ATD Cuarto Mundo.</p>
<p>El padre Joseph Wresinski sabía por experiencia propia lo denigrante que era para una persona recibir limosnas, pero sobre todo, sabía que lo más humillante era que nadie permitiera que los más pobres opinaran, que no se reconocieran sus valores, sus experiencias y mucho menos se les dejara expresar sus esperanzas. Por ello, desde el inicio, tenía una intuición clara del camino que debía recorrer: primero hacer reconocer, como un pueblo respetado, con derechos y responsabilidades, a todas aquellas personas o familias que aparecían ante la sociedad como personas sin identidad.</p>
<p>En 1968, los pobres expresaron su voluntad de acceder al derecho de tener una familia, a los derechos a la dignidad, a un futuro para sus hijos. Redactaron los ” Libros de reclamaciones”, los que dieron lugar a un manifiesto: ” Un pueblo habla “. A este pueblo, el Padre Joseph Wresinski le dio el nombre de Cuarto Mundo, cuya primera acción fue compartir el conocimiento, por ejemplo a través de las Bibliotecas de calle.</p>
<p>“La expresión Cuarto Mundo fue creada por el Padre Joseph Wresinski para dar una identidad social positiva a las personas que viven en la extrema pobreza en todo el mundo”, dice, en la página 6, el informe final de la ONU sobre: “Los Derechos Humanos y la Extrema Pobreza”, presentado por el señor Leandro Despouy.</p>
<p>En 1976, el Padre Joseph Wresinski fue nombrado miembro del Consejo Económico y Social de Francia, como personalidad cualificada.</p>
<p>El 11 de febrero de 1987, El Consejo Económico y Social francés apoyó el informe “Gran pobreza y precariedad económica y social” presentado por el Padre Joseph Wresinski en el que propuso una estrategia global de lucha contra la miseria.</p>
<p>El 17 de Octubre de 1987, en el Atrio de los Derechos Humanos y de las Libertades en París, ante 100 mil personas de todo el mundo, el padre Joseph Wresinski inauguró una <a href="http://mundosinmiseria.org/article/placa-del-trocadero" target="_blank" rel="noopener noreferrer">placa conmemorativa</a> a las víctimas de la miseria y lanzó un llamado a la Organización de las Naciones Unidas para que el 17 de Octubre se declarara “<a href="http://mundosinmiseria.org/" target="_blank" rel="noopener noreferrer">Día Mundial para la Erradicación de la Extrema Pobreza</a>”, lo que fue aprobado el 22 de Diciembre de 1992.</p>
<p>El 14 de Febrero de 1988, el corazón del padre Joseph dejó de latir en París – Francia, dejándonos este mensaje: ” La miseria ya no existirá mañana si nos ponemos de acuerdo para ayudar a estos jóvenes a darse cuenta de la realidad de su pueblo, a transformar su violencia en combate inteligente, a amarse con amor, con esperanza y con el saber, para llevar a cabo la lucha contra la ignorancia, el hambre, la limosna y la exclusión “.</p>

<p>Nació el 12 de Febrero de 1917, en Angers, Francia. Su infancia estuvo marcada por la miseria y continuamente ligada (&#8230;) <a class="more-link" href="https://www.joseph-wresinski.org/es/biografia/">Leer más <span class="meta-nav">&rarr;</span></a></p>

<!-- This site is optimized with the Yoast SEO plugin v27.5 - https://yoast.com/product/yoast-seo-wordpress/ -->
<title>Biografía - Joseph Wresinski ES</title>
<meta name="robots" content="index, follow, max-snippet:-1, max-image-preview:large, max-video-preview:-1" />
<link rel="canonical" href="https://www.joseph-wresinski.org/es/biografia/" />
<meta property="og:locale" content="es_ES" />
<meta property="og:type" content="article" />
<meta property="og:title" content="Biografía - Joseph Wresinski ES" />
<meta property="og:description" content="Nació el 12 de Febrero de 1917, en Angers, Francia. Su infancia estuvo marcada por la miseria y continuamente ligada (...) Leer más &rarr;" />
<meta property="og:url" content="https://www.joseph-wresinski.org/es/biografia/" />
<meta property="og:site_name" content="Joseph Wresinski ES" />
<meta property="article:modified_time" content="2019-10-10T16:11:28+00:00" />
<meta property="og:image" content="https://www.joseph-wresinski.org/es/wp-content/uploads/sites/13/2016/10/BUREAU_AU_TELEPHONE1.jpg" />
	<meta property="og:image:width" content="1286" />
	<meta property="og:image:height" content="848" />
	<meta property="og:image:type" content="image/jpeg" />
<meta name="twitter:card" content="summary_large_image" />
<meta name="twitter:label1" content="Tiempo de lectura" />
	<meta name="twitter:data1" content="3 minutos" />
<script type="application/ld+json" class="yoast-schema-graph">{"@context":"https:\/\/schema.org","@graph":[{"@type":"WebPage","@id":"https:\/\/www.joseph-wresinski.org\/es\/biografia\/","url":"https:\/\/www.joseph-wresinski.org\/es\/biografia\/","name":"Biografía - Joseph Wresinski ES","isPartOf":{"@id":"https:\/\/www.joseph-wresinski.org\/es\/#website"},"primaryImageOfPage":{"@id":"https:\/\/www.joseph-wresinski.org\/es\/biografia\/#primaryimage"},"image":{"@id":"https:\/\/www.joseph-wresinski.org\/es\/biografia\/#primaryimage"},"thumbnailUrl":"https:\/\/www.joseph-wresinski.org\/es\/wp-content\/uploads\/sites\/13\/2016\/10\/BUREAU_AU_TELEPHONE1.jpg","datePublished":"2016-10-06T09:47:11+00:00","dateModified":"2019-10-10T16:11:28+00:00","breadcrumb":{"@id":"https:\/\/www.joseph-wresinski.org\/es\/biografia\/#breadcrumb"},"inLanguage":"es","potentialAction":[{"@type":"ReadAction","target":["https:\/\/www.joseph-wresinski.org\/es\/biografia\/"]}]},{"@type":"ImageObject","inLanguage":"es","@id":"https:\/\/www.joseph-wresinski.org\/es\/biografia\/#primaryimage","url":"https:\/\/www.joseph-wresinski.org\/es\/wp-content\/uploads\/sites\/13\/2016\/10\/BUREAU_AU_TELEPHONE1.jpg","contentUrl":"https:\/\/www.joseph-wresinski.org\/es\/wp-content\/uploads\/sites\/13\/2016\/10\/BUREAU_AU_TELEPHONE1.jpg","width":1286,"height":848},{"@type":"BreadcrumbList","@id":"https:\/\/www.joseph-wresinski.org\/es\/biografia\/#breadcrumb","itemListElement":[{"@type":"ListItem","position":1,"name":"Portada","item":"https:\/\/www.joseph-wresinski.org\/es\/"},{"@type":"ListItem","position":2,"name":"Biografía"}]},{"@type":"WebSite","@id":"https:\/\/www.joseph-wresinski.org\/es\/#website","url":"https:\/\/www.joseph-wresinski.org\/es\/","name":"Joseph Wresinski ES","description":"Un sitio web propuesto por el Centro Joseph Wresinski","potentialAction":[{"@type":"SearchAction","target":{"@type":"EntryPoint","urlTemplate":"https:\/\/www.joseph-wresinski.org\/es\/?s={search_term_string}"},"query-input":{"@type":"PropertyValueSpecification","valueRequired":true,"valueName":"search_term_string"}}],"inLanguage":"es"}]}</script>
<!-- / Yoast SEO plugin. -->

Biografía - Joseph Wresinski ES

Nació el 12 de Febrero de 1917, en Angers, Francia. Su infancia estuvo marcada por la miseria y continuamente ligada (...) Leer más &rarr;
